ivided by 2.
0
Let l(c) = c + 12. Let h be 6/33 + (-90)/11. Calculate the remainder when 7 is divided by l(h).
3
Suppose -4*x - x = -4*c + 14, -c = 5*x + 9. Let i(j) = 9*j + 1. What is the remainder when 37 is divided by i(c)?
7
Suppose -z + 210 = 6*z. Calculate the remainder when z is divided by 8.
6
Suppose -5*p + 3 = 13. Let c(t) = -4*t**3 - t**2 + 2. Suppose 3*o = n + 29, -o - 3*n = 2*n + 17. Calculate the remainder when c(p) is divided by o.
6
Suppose -9 = -3*t - 3. Suppose -2*o = -4*i + o + 13, -t*i - o = -19. What is the remainder when 26 is divided by i?
5
Let p(v) = -35*v - 3. Calculate the remainder when p(-4) is divided by 23.
22
Let l be (2/4)/(1/6). What is the remainder when 9 is divided by 6 - (-2)/(1 - l)?
4
Let l(c) = 52*c**2 - 2*c + 1. Let k = -18 + 19. Calculate the remainder when l(k) is divided by 18.
15
Suppose -179 = -5*f + g, -3*g + 2*g = 4*f - 145. Suppose -27 = -2*p - x + 11, -5*x - 38 = -2*p. What is the remainder when f is divided by p?
17
Let i(t) = 2*t**3 + 2*t**2 + t + 1. Let p be i(2). Let x = p + -14. Calculate the remainder when 38 is divided by x.
12
Let l(d) = d**2 - 2. Let f be l(2). Suppose -2*s = 3*h - 13, 3*s + f*h + 0*h - 22 = 0. What is the remainder when 12 is divided by ((-14)/4)/((-4)/s)?
5
Let x(g) = -5*g - 6. Calculate the remainder when x(-13) is divided by 21.
17
Suppose 0 = -u - u - 2, 5*u = 5*l - 70. What is the remainder when 24 is divided by l?
11
Suppose 0 = 4*m - 64 - 100. Calculate the remainder when m is divided by (-170)/(-8) - (-6)/(-24).
20
Suppose -4 = m - 31. What is the remainder when m is divided by (-4*28/(-8))/2?
6
Let r(x) = -x**3 - 11*x**2 + 10*x - 10. Calculate the remainder when 27 is divided by r(-12).
13
Suppose -4*h - 13 = -93. Let j be h/6 - 4/12. Suppose -j*r + 6 = -9. What is the remainder when 9 is divided by r?
4
Let r = -304 - -436. Let b be (-3)/(-2)*32/6. Calculate the remainder when (r/b)/(3/4) is divided by 6.
4
Suppose 0 = 4*y - 2*i - 174, -254 + 45 = -4*y - 5*i. Calculate the remainder when 90 is divided by y.
44
Suppose -32*a + 37*a - 20 = 0. What is the remainder when a is divided by 3?
1
Let w(a) = -3*a - 9. Let o be w(-7). Let b(k) = 3*k. Calculate the remainder when 12 + 12/(o/4) is divided by b(2).
4
Suppose 5*g = 0, -3*z = z + 5*g - 168. Suppose 2*l - 10 - z = 0. Suppose -4*k = 5*d - 76 + 25, 4*d - 57 = -5*k. Calculate the remainder when l is divided by k.
8
Let t = -3 + 5. Let k be 2 - (-6 - 0 - t). What is the remainder when 41 is divided by 2 + k + (0 - 1)?
8
What is the remainder when ((-4)/(8/(-54)))/1 is divided by 14?
13
Suppose -2*a + 26 = 10. Calculate the remainder when 27 is divided by a.
3
Suppose 4*z + 0*z - 64 = 0. Calculate the remainder when z is divided by 10.
6
Suppose -5*v + 49 = -6. Let g be 5*(-1 + -1 + 11). Let j = g + -25. What is the remainder when j is divided by v?
9
Suppose -4*f + 17 + 59 = 0. Let r(n) = 0*n - 5 + 1 + 1 + n. Calculate the remainder when f is divided by r(10).
5
Suppose 20 = 5*o - 30. Calculate the remainder when 19 is divided by o.
9
Let m(p) = -p**2 + 11*p - 23. Calculate the remainder when (36/21)/((-1)/(-7)) is divided by m(4).
2
Let z be 1/1*2 + 0. Suppose 5 = -g - z*v - 3*v, -5*g + 5*v + 5 = 0. Suppose 0*p + 3*p - 39 = g. What is the remainder when p is divided by 5?
3
Suppose -8 = 2*t - 4*t - k, 0 = -3*k. Suppose -t*h + 0*q = 3*q - 35, q = h - 14. What is the remainder when 42 is divided by h?
9
Let i = -3 - -25. Calculate the remainder when 62 is divided by i.
18
Suppose -2*m + 6 = m. Suppose u = -4*k + 41, 2*k - m*u - 17 = u. What is the remainder when 19 is divided by k?
9
Suppose -4*m - 105 = -5*d, -4*d = -4*m - 99 + 15. Calculate the remainder when d is divided by 6.
3
Let h = 24 + -4. Calculate the remainder when h is divided by 11.
9
Suppose -5*q - 3*x + 545 = -308, 2*q - 343 = -3*x. Calculate the remainder when q is divided by 43.
41
Let f(y) = 5*y + 40. Calculate the remainder when (-2)/(-5) - (-88)/5 is divided by f(-6).
8
What is the remainder when 78 is divided by ((-24)/(-15))/(2/(-50)*-2)?
18
Let o(k) = -2*k - 29. Calculate the remainder when 30 is divided by o(-16).
0
Suppose -5*f - 46 = -2*m, -3*m + 2*m + 23 = -4*f. Calculate the remainder when m is divided by 12.
11
Let z = 82 - 48. Calculate the remainder when 133 is divided by z.
31
Let f = 0 - -2. Suppose -c - f*d - 26 = -3*c, -2*c - 2*d = -18. Calculate the remainder when 32 is divided by c.
10
Suppose -3*w - 2*w + c = -111, 3*c = 5*w - 103. What is the remainder when w is divided by 12?
11
Let v(g) = 17*g + 38. What is the remainder when (18/4)/((-1)/(-2)) is divided by v(-2)?
1
Let q = 459 - 228. What is the remainder when q is divided by 26?
23
Let o = -6 + 14. Calculate the remainder when 31 is divided by o.
7
What is the remainder when 101 is divided by -5 - -1 - (-6 - 11)?
10
Suppose 5*g = -f + 3, -4*f + 4*g + 0*g = -132. Suppose -11*w = -12*w + 15. Calculate the remainder when f is divided by w.
13
What is the remainder when (6 - 1) + 217*1 is divided by 16?
14
Let f(b) = b**2 - 4*b + 1. What is the remainder when f(8) is divided by 18?
15
Suppose -2*a - d + 190 = 61, 0 = a - 2*d - 67. What is the remainder when a is divided by 33?
32
Let k = 5 + 0. Suppose 48 = -3*j + k*j. Suppose 0 = -r - 5*w + 68 - 7, -5*w - 365 = -5*r. Calculate the remainder when r is divided by j.
23
Suppose 20 = 2*y - 36. Calculate the remainder when y is divided by 10.
8
Let t = 11 + -6. Suppose -120 = -5*j + t*c, 25 = 2*j - 4*c - 23. What is the remainder when j is divided by 9?
6
Let a(h) = -3*h + 0 - 3 + 2. Let t be (-3)/(-3) - (1 + 2). Calculate the remainder when 9 is divided by a(t).
4
Let b = 2 - -4. What is the remainder when 9 is divided by b?
3
Let u(i) = -i**2 - 13. Let k be u(0). Let y = k - -25. Suppose 2*p - 23 + 4 = -5*q, 4*q = 4*p - 108. What is the remainder when p is divided by y?
10
Let s(x) = x**2 - 4*x + 5. Suppose -q + 16 = 3*q. Let m be s(q). Suppose -m*h - 13 = -63. Calculate the remainder when 18 is divided by h.
8
Suppose 4*y = -0*y + 788. Suppose -y = -6*i + 361. Calculate the remainder when i is divided by 12.
9
Let t(d) = -5*d - 28. Calculate the remainder when t(-21) is divided by 16.
13
Let o be (1 - 2) + (2 - -21). Suppose -2*n + 5*j = -13, j - 3*j = -5*n + o. Calculate the remainder when 2*7 - (-21)/(-7) is divided by n.
3
Let y = 3 + -4. Let r(f) = 24*f**2 - f. Let o be r(y). Let p = o - 18. What is the remainder when 12 is divided by p?
5
Suppose -9 = -3*n + 3. What is the remainder when 2/8 - 69/(-12) is divided by n?
2
Let c = 55 + -38. Let v be 6 - (-2 + 6 + -3). Suppose 3*o - v*y - 74 = 0, 0*y - 2*y + 43 = o. What is the remainder when o is divided by c?
16
Let z(c) = -6*c**3 - c. Let f = -3 - -2. What is the remainder when 12 is divided by z(f)?
5
Suppose 0 = -p + 1, -33 = -2*h - p - 4*p. Let m(g) = -g**2 - 9*g - 10. Calculate the remainder when h is divided by m(-3).
6
Let z(x) = 13*x**2 - 2. What is the remainder when z(2) is divided by 13?
11
Suppose -2*q + 3*x = -x - 22, 15 = q - 3*x. Let r = 8 - q. Suppose -4*u - 14 = -5*s + 18, 0 = -3*u + 6. Calculate the remainder when s is divided by r.
3
Let o(h) = h**3 - 3*h**2 - 6*h - 3. Let k be o(5). Suppose -2*t + k = -13. Calculate the remainder when t is divided by 8.
7
Suppose -24 = 4*r - 7*r - 5*u, -2*r - 4*u + 18 = 0. What is the remainder when (8/r)/((-2)/(-6)) is divided by ((-2)/4)/(16/(-96))?
2
Suppose 3*y - 2*k - 48 = 0, 2*y - 5*k = 3*y + 1. Calculate the remainder when 40 is divided by y.
12
Let v = 8 + 33. Calculate the remainder when v is divided by 15.
11
Let s = 26 - 18. Calculate the remainder when 13 is divided by s.
5
Suppose -109 = -2*t - 3*f, 4*f = 5*t + 5*f - 240. Calculate the remainder when 184 is divided by t.
43
Let p be (15*4/(-6))/(-2). Suppose 182 = p*x - 28. Calculate the remainder when x is divided by 11.
9
Let i be (-11)/(-4) - (-4)/16. Let a be (-3)/9 + 10/i. Calculate the remainder when 17 is divided by (-4)/12 + 28/a.
8
Suppose -f - f = -78. Calculate the remainder when f is divided by 10.
9
Suppose 0 = -3*y + 2 - 8. Let u(x) = 3*x. Let w(a) = 80*a. Let i(f) = -110*u(f) + 4*w(f). What is the remainder when i(y) is divided by 7?
6
What is the remainder when 282*(-4)/(-8)*1 is divided by 13?
11
Suppose 4*u = u + 81. Suppose -5*v 